{"id":2,"date":"2021-10-24T20:33:28","date_gmt":"2021-10-24T18:33:28","guid":{"rendered":"http:\/\/test.wiecki-immobilien.de\/?page_id=2"},"modified":"2022-03-24T17:56:47","modified_gmt":"2022-03-24T16:56:47","slug":"beispiel-seite","status":"publish","type":"page","link":"http:\/\/www.wiecki-immobilien.de\/?page_id=2","title":{"rendered":"Impressum"},"content":{"rendered":"[et_pb_section fb_built=&#8220;1&#8243; admin_label=&#8220;section&#8220; _builder_version=&#8220;4.15&#8243; global_colors_info=&#8220;{}&#8220;][et_pb_row _builder_version=&#8220;4.15.1&#8243; _module_preset=&#8220;default&#8220; hover_enabled=&#8220;0&#8243; sticky_enabled=&#8220;0&#8243;][et_pb_column _builder_version=&#8220;4.15.1&#8243; _module_preset=&#8220;default&#8220; type=&#8220;4_4&#8243;][et_pb_text _builder_version=&#8220;4.15.1&#8243; _module_preset=&#8220;default&#8220; hover_enabled=&#8220;0&#8243; sticky_enabled=&#8220;0&#8243;]<h1>Impressum<\/h1>[\/et_pb_text][\/et_pb_column][\/et_pb_row][et_pb_row admin_label=&#8220;row&#8220; _builder_version=&#8220;4.15&#8243; background_size=&#8220;initial&#8220; background_position=&#8220;top_left&#8220; background_repeat=&#8220;repeat&#8220; global_colors_info=&#8220;{}&#8220;][et_pb_column type=&#8220;4_4&#8243; _builder_version=&#8220;4.15&#8243; custom_padding=&#8220;|||&#8220; global_colors_info=&#8220;{}&#8220; custom_padding__hover=&#8220;|||&#8220;][et_pb_text admin_label=&#8220;Text&#8220; _builder_version=&#8220;4.15.1&#8243; text_text_color=&#8220;#000000&#8243; header_text_color=&#8220;#000000&#8243; background_size=&#8220;initial&#8220; background_position=&#8220;top_left&#8220; background_repeat=&#8220;repeat&#8220; global_colors_info=&#8220;{}&#8220;]<p><!-- \/wp:post-content --><\/p>\n<p><!-- wp:paragraph -->Immobilienberatung<br \/>Michael Wiecki<br \/>Venloer Stra\u00dfe 145<br \/>50259 Pulheim bei K\u00f6ln<\/p>\n<p><!-- \/wp:paragraph --><\/p>\n<p><!-- wp:paragraph -->Tel.: 02238 963091<br \/>Fax: 02238 963092<br \/>E-Post: <a href=\"mailto:Info@Wiecki-Immobilien.de\">Info@Wiecki-Immobilien.de<\/a><\/p>\n<p>USt.-ID: DE121945053<\/p>\n<p>Aufsichtsbeh\u00f6rde:<br \/>Genehmigung nach \u00a734c der GewO wurde erteilt durch die Aufsichtsbeh\u00f6rde Rhein-Erft-Kreis, Willy-Brandt-Platz 1, 50126 Bergheim, <a href=\"https:\/\/nam12.safelinks.protection.outlook.com\/?url=http%3A%2F%2Fwww.rhein-erft-kreis.de%2F&amp;data=04%7C01%7C%7C0c18fc49fc1a4b4e229608da044e88e8%7C84df9e7fe9f640afb435aaaaaaaaaaaa%7C1%7C0%7C637827032602942782%7CUnknown%7CTWFpbGZsb3d8eyJWIjoiMC4wLjAwMDAiLCJQIjoiV2luMzIiLCJBTiI6Ik1haWwiLCJXVCI6Mn0%3D%7C3000&amp;sdata=iyKRPtA38oWGt%2FP77hzFvr0L2FSSZBlX%2Bf%2B3iRDgH6c%3D&amp;reserved=0\">www.rhein-erft-kreis.de<\/a><\/p>\n<p><!-- \/wp:paragraph --><\/p>\n<p><!-- wp:paragraph -->Kammer:<\/p>\n<p><!-- \/wp:paragraph --><\/p>\n<p><!-- wp:paragraph -->Industrie- und Handelskammer zu K\u00f6ln<\/p>\n<p><!-- \/wp:paragraph --><\/p>\n<p><!-- wp:paragraph -->Inhaltlich Verantwortlicher gem\u00e4\u00df \u00a7 10 Abs. 3 MDStV: Michael Wiecki<\/p>\n<p><!-- \/wp:paragraph --><\/p>\n<p><!-- wp:paragraph {\"textColor\":\"black\"} --><\/p>\n<p class=\"has-black-color has-text-color\">Online-Streitbeilegung gem\u00e4\u00df Art. 14 Abs. 1 ODR-VO und \u00a7 36 VSBG:<br \/>Die Europ\u00e4ische Kommission stellt eine Plattform zur Online-Streitbeilegung (OS) bereit, die Sie unter <a href=\"https:\/\/nam12.safelinks.protection.outlook.com\/?url=http%3A%2F%2Fec.europa.eu%2Fconsumers%2Fodr&amp;data=04%7C01%7C%7C0c18fc49fc1a4b4e229608da044e88e8%7C84df9e7fe9f640afb435aaaaaaaaaaaa%7C1%7C0%7C637827032602942782%7CUnknown%7CTWFpbGZsb3d8eyJWIjoiMC4wLjAwMDAiLCJQIjoiV2luMzIiLCJBTiI6Ik1haWwiLCJXVCI6Mn0%3D%7C3000&amp;sdata=GCrIJ93STSvV%2B5UdKLAqRYgZMVlGcWrwuH57Gwa%2F2Ss%3D&amp;reserved=0\">http:\/\/ec.europa.eu\/consumers\/odr<\/a> Zur Teilnahme an einem Streitbeilegungsverfahren vor einer Verbraucherschlichtungsstelle sind wir nicht verpflichtet und grunds\u00e4tzlich nicht bereit.<\/p>\n<p><!-- \/wp:paragraph --><\/p>[\/et_pb_text][\/et_pb_column][\/et_pb_row][\/et_pb_section]","protected":false},"excerpt":{"rendered":"<p>Impressum ImmobilienberatungMichael WieckiVenloer Stra\u00dfe 14550259 Pulheim bei K\u00f6ln Tel.: 02238 963091Fax: 02238 963092E-Post: Info@Wiecki-Immobilien.de USt.-ID: DE121945053 Aufsichtsbeh\u00f6rde:Genehmigung nach \u00a734c der GewO wurde erteilt durch die Aufsichtsbeh\u00f6rde Rhein-Erft-Kreis, Willy-Brandt-Platz 1, 50126 Bergheim, www.rhein-erft-kreis.de Kammer: Industrie- und Handelskammer zu K\u00f6ln Inhaltlich Verantwortlicher gem\u00e4\u00df \u00a7 10 Abs. 3 MDStV: Michael Wiecki Online-Streitbeilegung gem\u00e4\u00df Art. 14 Abs. 1 ODR-VO [&hellip;]<\/p>\n","protected":false},"author":1,"featured_media":0,"parent":0,"menu_order":0,"comment_status":"closed","ping_status":"open","template":"","meta":{"_et_pb_use_builder":"on","_et_pb_old_content":"<!-- wp:paragraph -->\n<p><\/p>\n<!-- \/wp:paragraph -->\n\n<!-- wp:paragraph -->\n<p>Immobilienberatung<br>Michael Wiecki<br>Venloer Stra\u00dfe 145<br>50259 Pulheim bei K\u00f6ln<\/p>\n<!-- \/wp:paragraph -->\n\n<!-- wp:paragraph -->\n<p>Tel.: 02238 963091<br>Fax: 02238 963092<br>E-Post: <a href=\"mailto:Info@Wiecki-Immobilien.de\">Info@Wiecki-Immobilien.de<\/a><br><br>USt.-ID: DE121945053<br><br>Aufsichtsbeh\u00f6rde:<br>Genehmigung nach \u00a734c der GewO wurde erteilt durch die Aufsichtsbeh\u00f6rde Rhein-Erft-Kreis, Willy-Brandt-Platz 1, 50126 Bergheim, <a href=\"https:\/\/nam12.safelinks.protection.outlook.com\/?url=http%3A%2F%2Fwww.rhein-erft-kreis.de%2F&amp;data=04%7C01%7C%7C0c18fc49fc1a4b4e229608da044e88e8%7C84df9e7fe9f640afb435aaaaaaaaaaaa%7C1%7C0%7C637827032602942782%7CUnknown%7CTWFpbGZsb3d8eyJWIjoiMC4wLjAwMDAiLCJQIjoiV2luMzIiLCJBTiI6Ik1haWwiLCJXVCI6Mn0%3D%7C3000&amp;sdata=iyKRPtA38oWGt%2FP77hzFvr0L2FSSZBlX%2Bf%2B3iRDgH6c%3D&amp;reserved=0\">www.rhein-erft-kreis.de<\/a><\/p>\n<!-- \/wp:paragraph -->\n\n<!-- wp:paragraph -->\n<p>Kammer:<\/p>\n<!-- \/wp:paragraph -->\n\n<!-- wp:paragraph -->\n<p>Industrie- und Handelskammer zu K\u00f6ln<\/p>\n<!-- \/wp:paragraph -->\n\n<!-- wp:paragraph -->\n<p>Inhaltlich Verantwortlicher gem\u00e4\u00df \u00a7 10 Abs. 3 MDStV: Michael Wiecki<\/p>\n<!-- \/wp:paragraph -->\n\n<!-- wp:paragraph {\"textColor\":\"black\"} -->\n<p class=\"has-black-color has-text-color\">Online-Streitbeilegung gem\u00e4\u00df Art. 14 Abs. 1 ODR-VO und \u00a7 36 VSBG:<br>Die Europ\u00e4ische Kommission stellt eine Plattform zur Online-Streitbeilegung (OS) bereit, die Sie unter <a href=\"https:\/\/nam12.safelinks.protection.outlook.com\/?url=http%3A%2F%2Fec.europa.eu%2Fconsumers%2Fodr&amp;data=04%7C01%7C%7C0c18fc49fc1a4b4e229608da044e88e8%7C84df9e7fe9f640afb435aaaaaaaaaaaa%7C1%7C0%7C637827032602942782%7CUnknown%7CTWFpbGZsb3d8eyJWIjoiMC4wLjAwMDAiLCJQIjoiV2luMzIiLCJBTiI6Ik1haWwiLCJXVCI6Mn0%3D%7C3000&amp;sdata=GCrIJ93STSvV%2B5UdKLAqRYgZMVlGcWrwuH57Gwa%2F2Ss%3D&amp;reserved=0\">http:\/\/ec.europa.eu\/consumers\/odr<\/a> Zur Teilnahme an einem Streitbeilegungsverfahren vor einer Verbraucherschlichtungsstelle sind wir nicht verpflichtet und grunds\u00e4tzlich nicht bereit.<\/p>\n<!-- \/wp:paragraph -->","_et_gb_content_width":"","footnotes":""},"class_list":["post-2","page","type-page","status-publish","hentry"],"_links":{"self":[{"href":"http:\/\/www.wiecki-immobilien.de\/index.php?rest_route=\/wp\/v2\/pages\/2","targetHints":{"allow":["GET"]}}],"collection":[{"href":"http:\/\/www.wiecki-immobilien.de\/index.php?rest_route=\/wp\/v2\/pages"}],"about":[{"href":"http:\/\/www.wiecki-immobilien.de\/index.php?rest_route=\/wp\/v2\/types\/page"}],"author":[{"embeddable":true,"href":"http:\/\/www.wiecki-immobilien.de\/index.php?rest_route=\/wp\/v2\/users\/1"}],"replies":[{"embeddable":true,"href":"http:\/\/www.wiecki-immobilien.de\/index.php?rest_route=%2Fwp%2Fv2%2Fcomments&post=2"}],"version-history":[{"count":6,"href":"http:\/\/www.wiecki-immobilien.de\/index.php?rest_route=\/wp\/v2\/pages\/2\/revisions"}],"predecessor-version":[{"id":137,"href":"http:\/\/www.wiecki-immobilien.de\/index.php?rest_route=\/wp\/v2\/pages\/2\/revisions\/137"}],"wp:attachment":[{"href":"http:\/\/www.wiecki-immobilien.de\/index.php?rest_route=%2Fwp%2Fv2%2Fmedia&parent=2"}],"curies":[{"name":"wp","href":"https:\/\/api.w.org\/{rel}","templated":true}]}}

[et_pb_section fb_built=&#8220;1&#8243; admin_label=&#8220;section&#8220; _builder_version=&#8220;4.15&#8243; global_colors_info=&#8220;{}&#8220;][et_pb_row _builder_version=&#8220;4.15.1&#8243; _module_preset=&#8220;default&#8220; hover_enabled=&#8220;0&#8243; sticky_enabled=&#8220;0&#8243;][et_pb_column _builder_version=&#8220;4.15.1&#8243; _module_preset=&#8220;default&#8220; type=&#8220;4_4&#8243;][et_pb_text _builder_version=&#8220;4.15.1&#8243; _module_preset=&#8220;default&#8220; hover_enabled=&#8220;0&#8243; sticky_enabled=&#8220;0&#8243;]<h1>Impressum</h1>[/et_pb_text][/et_pb_column][/et_pb_row][et_pb_row admin_label=&#8220;row&#8220; _builder_version=&#8220;4.15&#8243; background_size=&#8220;initial&#8220; background_position=&#8220;top_left&#8220; background_repeat=&#8220;repeat&#8220; global_colors_info=&#8220;{}&#8220;][et_pb_column type=&#8220;4_4&#8243; _builder_version=&#8220;4.15&#8243; custom_padding=&#8220;|||&#8220; global_colors_info=&#8220;{}&#8220; custom_padding__hover=&#8220;|||&#8220;][et_pb_text admin_label=&#8220;Text&#8220; _builder_version=&#8220;4.15.1&#8243; text_text_color=&#8220;#000000&#8243; header_text_color=&#8220;#000000&#8243; background_size=&#8220;initial&#8220; background_position=&#8220;top_left&#8220; background_repeat=&#8220;repeat&#8220; global_colors_info=&#8220;{}&#8220;]<p><!-- /wp:post-content --></p>
<p><!-- wp:paragraph -->Immobilienberatung<br />Michael Wiecki<br />Venloer Straße 145<br />50259 Pulheim bei Köln</p>
<p><!-- /wp:paragraph --></p>
<p><!-- wp:paragraph -->Tel.: 02238 963091<br />Fax: 02238 963092<br />E-Post: <a href="mailto:Info@Wiecki-Immobilien.de">Info@Wiecki-Immobilien.de</a></p>
<p>USt.-ID: DE121945053</p>
<p>Aufsichtsbehörde:<br />Genehmigung nach §34c der GewO wurde erteilt durch die Aufsichtsbehörde Rhein-Erft-Kreis, Willy-Brandt-Platz 1, 50126 Bergheim, <a href="https://nam12.safelinks.protection.outlook.com/?url=http%3A%2F%2Fwww.rhein-erft-kreis.de%2F&amp;data=04%7C01%7C%7C0c18fc49fc1a4b4e229608da044e88e8%7C84df9e7fe9f640afb435aaaaaaaaaaaa%7C1%7C0%7C637827032602942782%7CUnknown%7CTWFpbGZsb3d8eyJWIjoiMC4wLjAwMDAiLCJQIjoiV2luMzIiLCJBTiI6Ik1haWwiLCJXVCI6Mn0%3D%7C3000&amp;sdata=iyKRPtA38oWGt%2FP77hzFvr0L2FSSZBlX%2Bf%2B3iRDgH6c%3D&amp;reserved=0">www.rhein-erft-kreis.de</a></p>
<p><!-- /wp:paragraph --></p>
<p><!-- wp:paragraph -->Kammer:</p>
<p><!-- /wp:paragraph --></p>
<p><!-- wp:paragraph -->Industrie- und Handelskammer zu Köln</p>
<p><!-- /wp:paragraph --></p>
<p><!-- wp:paragraph -->Inhaltlich Verantwortlicher gemäß § 10 Abs. 3 MDStV: Michael Wiecki</p>
<p><!-- /wp:paragraph --></p>
<p><!-- wp:paragraph {"textColor":"black"} --></p>
<p class="has-black-color has-text-color">Online-Streitbeilegung gemäß Art. 14 Abs. 1 ODR-VO und § 36 VSBG:<br />Die Europäische Kommission stellt eine Plattform zur Online-Streitbeilegung (OS) bereit, die Sie unter <a href="https://nam12.safelinks.protection.outlook.com/?url=http%3A%2F%2Fec.europa.eu%2Fconsumers%2Fodr&amp;data=04%7C01%7C%7C0c18fc49fc1a4b4e229608da044e88e8%7C84df9e7fe9f640afb435aaaaaaaaaaaa%7C1%7C0%7C637827032602942782%7CUnknown%7CTWFpbGZsb3d8eyJWIjoiMC4wLjAwMDAiLCJQIjoiV2luMzIiLCJBTiI6Ik1haWwiLCJXVCI6Mn0%3D%7C3000&amp;sdata=GCrIJ93STSvV%2B5UdKLAqRYgZMVlGcWrwuH57Gwa%2F2Ss%3D&amp;reserved=0">http://ec.europa.eu/consumers/odr</a> Zur Teilnahme an einem Streitbeilegungsverfahren vor einer Verbraucherschlichtungsstelle sind wir nicht verpflichtet und grundsätzlich nicht bereit.</p>
<p><!-- /wp:paragraph --></p>[/et_pb_text][/et_pb_column][/et_pb_row][/et_pb_section]

<p>Impressum ImmobilienberatungMichael WieckiVenloer Straße 14550259 Pulheim bei Köln Tel.: 02238 963091Fax: 02238 963092E-Post: Info@Wiecki-Immobilien.de USt.-ID: DE121945053 Aufsichtsbehörde:Genehmigung nach §34c der GewO wurde erteilt durch die Aufsichtsbehörde Rhein-Erft-Kreis, Willy-Brandt-Platz 1, 50126 Bergheim, www.rhein-erft-kreis.de Kammer: Industrie- und Handelskammer zu Köln Inhaltlich Verantwortlicher gemäß § 10 Abs. 3 MDStV: Michael Wiecki Online-Streitbeilegung gemäß Art. 14 Abs. 1 ODR-VO [&hellip;]</p>

<!-- wp:paragraph -->
<p></p>
<!-- /wp:paragraph -->

<!-- wp:paragraph -->
<p>Immobilienberatung<br>Michael Wiecki<br>Venloer Straße 145<br>50259 Pulheim bei Köln</p>
<!-- /wp:paragraph -->

<!-- wp:paragraph -->
<p>Tel.: 02238 963091<br>Fax: 02238 963092<br>E-Post: <a href="mailto:Info@Wiecki-Immobilien.de">Info@Wiecki-Immobilien.de</a><br><br>USt.-ID: DE121945053<br><br>Aufsichtsbehörde:<br>Genehmigung nach §34c der GewO wurde erteilt durch die Aufsichtsbehörde Rhein-Erft-Kreis, Willy-Brandt-Platz 1, 50126 Bergheim, <a href="https://nam12.safelinks.protection.outlook.com/?url=http%3A%2F%2Fwww.rhein-erft-kreis.de%2F&amp;data=04%7C01%7C%7C0c18fc49fc1a4b4e229608da044e88e8%7C84df9e7fe9f640afb435aaaaaaaaaaaa%7C1%7C0%7C637827032602942782%7CUnknown%7CTWFpbGZsb3d8eyJWIjoiMC4wLjAwMDAiLCJQIjoiV2luMzIiLCJBTiI6Ik1haWwiLCJXVCI6Mn0%3D%7C3000&amp;sdata=iyKRPtA38oWGt%2FP77hzFvr0L2FSSZBlX%2Bf%2B3iRDgH6c%3D&amp;reserved=0">www.rhein-erft-kreis.de</a></p>
<!-- /wp:paragraph -->

<!-- wp:paragraph -->
<p>Kammer:</p>
<!-- /wp:paragraph -->

<!-- wp:paragraph -->
<p>Industrie- und Handelskammer zu Köln</p>
<!-- /wp:paragraph -->

<!-- wp:paragraph -->
<p>Inhaltlich Verantwortlicher gemäß § 10 Abs. 3 MDStV: Michael Wiecki</p>
<!-- /wp:paragraph -->

<!-- wp:paragraph {"textColor":"black"} -->
<p class="has-black-color has-text-color">Online-Streitbeilegung gemäß Art. 14 Abs. 1 ODR-VO und § 36 VSBG:<br>Die Europäische Kommission stellt eine Plattform zur Online-Streitbeilegung (OS) bereit, die Sie unter <a href="https://nam12.safelinks.protection.outlook.com/?url=http%3A%2F%2Fec.europa.eu%2Fconsumers%2Fodr&amp;data=04%7C01%7C%7C0c18fc49fc1a4b4e229608da044e88e8%7C84df9e7fe9f640afb435aaaaaaaaaaaa%7C1%7C0%7C637827032602942782%7CUnknown%7CTWFpbGZsb3d8eyJWIjoiMC4wLjAwMDAiLCJQIjoiV2luMzIiLCJBTiI6Ik1haWwiLCJXVCI6Mn0%3D%7C3000&amp;sdata=GCrIJ93STSvV%2B5UdKLAqRYgZMVlGcWrwuH57Gwa%2F2Ss%3D&amp;reserved=0">http://ec.europa.eu/consumers/odr</a> Zur Teilnahme an einem Streitbeilegungsverfahren vor einer Verbraucherschlichtungsstelle sind wir nicht verpflichtet und grundsätzlich nicht bereit.</p>
<!-- /wp:paragraph -->
